Let y = -11 - -16. Let f(j) = -3*j**3 - 2*j**2 - 2*j - 18. Let h = -16 - -19. Let b(w) = 2*w**3 + w**2 + w + 9. Let c(z) = h*f(z) + y*b(z). What is c(0)?
-9
Let x(g) be the third derivative of g**6/120 + g**5/20 - g**4/24 - g**3/6 + 18*g**2 - 77*g. Suppose 3*q - 5 + 14 = 0. What is x(q)?
2
Let y(n) = -3*n**2 - 2*n + 33 - 34 + n**2 + 0*n**2. Determine y(-1).
-1
Let r(i) be the second derivative of -i**7/840 + i**4/6 + 7*i**3/6 + 12*i. Let x(h) be the second derivative of r(h). Determine x(0).
4
Let p(f) = 3*f**3 + 6*f**2 + 3*f + 28. Let v(y) = -4*y**3 - 9*y**2 - 4*y - 27. Let a(k) = 3*p(k) + 2*v(k). What is a(0)?
30
Let k(l) = -5 - 4 - 1 + l + 9. What is k(-5)?
-6
Let a(w) = w**3 - 12*w + 0*w**3 + 30*w - 20*w - 9*w**2 + 6. Suppose -27 = -9*h + 54. What is a(h)?
-12
Let u(z) be the second derivative of -z**3/6 - 46*z. Let o(s) = 9*s - 2. Let m be o(1). Give u(m).
-7
Suppose -n = n + 5*y - 37, -5*n - 4*y + 50 = 0. Let d = 0 + n. Let h(w) = 7*w - 18. Let i(l) = 6*l - 17. Let u(j) = 5*h(j) - 6*i(j). What is u(d)?
6
Suppose -18*j + 730 = 910. Let i(x) = -x**2 - 8*x + 25. Determine i(j).
5
Suppose -67*d + 65*d = -4. Let f(w) = w**3 - w**2 - 2*w + 1. Determine f(d).
1
Let t(h) = 2*h - 3. Suppose -5*b = -2*y - y - 48, -4*b = -4*y - 32. Suppose -8*r + 4*r + b = 0. What is t(r)?
3
Let t(g) be the first derivative of g**2 - 9*g + 127. Give t(2).
-5
Suppose 5*c + 28 = 8. Suppose -2*f + 6 + 10 = 0. Let w(p) = -5 + f*p**3 - p**3 - 2*p - 4*p**2 - 8*p**3. Calculate w(c).
3
Let u(g) = -2*g - 8. Let h(i) = 5*i + 23 - 1 + 5 - 4. Let w(z) = 3*h(z) + 8*u(z). Suppose 0 = -0*j + j + 4. Give w(j).
9
Let q(d) = -9*d - 5 + 15*d + 7 - 18*d. Calculate q(1).
-10
Suppose -5*s - f + 37 - 285 = 0, 42 = -s - 4*f. Let z = s - -54. Let d(o) = -3*o - 3 + 2*o + 3*o. Calculate d(z).
5
Let c(a) = -78*a - 80*a + 7 - 76*a + 303*a - 78*a + a**2. Calculate c(12).
43
Let r(z) be the third derivative of -z**6/120 + z**5/12 + 7*z**4/24 - z**3 + 7*z**2 + 1. Calculate r(6).
0
Let q(a) = a. Suppose -5*j - 5*z = 0, -3 = -j - 4*z - 9. Suppose j*w = w. Give q(w).
0
Let i(h) = h**3 + h**2 + h + 1. Let n = 271 - 269. Calculate i(n).
15
Suppose 0 = 2*z - 74 - 28. Let q = -56 + z. Let h(o) be the third derivative of o**4/12 + o**3/3 - o**2. Give h(q).
-8
Let z(y) = y**2 - 3*y - 4. Let l(s) = -s. Suppose -6*g + 6 = -9*g. Let m(k) = g*l(k) + z(k). Let d be (-3)/(-2)*-2*1. What is m(d)?
8
Let f be 2*3*2*(-9)/(-27). Let p(c) = c - 2. Give p(f).
2
Let m(v) = -4*v**3. Let q be m(-1). Let k(x) = -x**3 + 8*x**2 - 2*x + 5. Let n(c) = -2*c**2 + 4*c**2 - 3*c**2. Let j(y) = -k(y) - 5*n(y). Determine j(q).
19
Let r(u) = u**2 + 5*u + 5. Let v be r(-2). Let q be (1 - 1/v) + 2/(-1). Let n(s) = -s**2 + s + 20. Give n(q).
20
Let y be (2 + 16/(-14))*7. Let k(z) = 6*z**2 - 50 - 46 + 2*z - z**3 + 91. Determine k(y).
7
Let y(p) be the second derivative of -13*p**3/3 - p**2/2 + 58*p. Calculate y(1).
-27
Let w be (11 - 14)*(-4*3 + 0). Let d(r) = 8*r**2 + 10*r**2 + w - 37. Calculate d(1).
17
Let m(b) be the third derivative of -5*b**4/8 - b**3/2 - 2*b**2 - 45*b. Suppose 0 = -t - t - 4. Calculate m(t).
27
Suppose 3*u - 84 = -9. Let d = -28 + u. Let g(z) = -5*z**2 + 8*z + 9. Let f(y) = 9*y**2 - 15*y - 17. Let a(h) = 6*f(h) + 11*g(h). Calculate a(d).
-6
Let c(x) = -x**2 + 4*x + 8. Let i be c(6). Let u(f) be the second derivative of -f**5/20 - f**4/3 - 5*f**2/2 + 14*f + 2. Give u(i).
-5
Let w be ((-2)/2)/(-1 - 6/(-9)). Let j(y) = y + 1. Let h(c) = c**2 + 7*c - 2. Let n(u) = -h(u) + 2*j(u). Determine n(w).
-20
Let i(h) = -2*h**2 + 57*h - 177*h + 57*h + 62*h. Give i(-1).
-1
Suppose 405 = 53*m - 80*m. Let x(t) = -3*t - 10. What is x(m)?
35
Let w(a) = a**2 + 16*a + 19*a - 59*a + 21*a + 1. What is w(2)?
-1
Let a(l) = -9*l**2 - 48 + 24*l + 18*l**2 - 4*l - 8*l**2. Determine a(-22).
-4
Let c(b) = 3*b**3 + 47*b**2 - 31*b + 61. Let t(d) = d**3 + 16*d**2 - 10*d + 21. Let u(h) = -4*c(h) + 11*t(h). What is u(-13)?
-26
Suppose 5*o = -31*v + 34*v - 7, 0 = 5*o - 4*v + 11. Let p(n) = 6*n**2 - n. What is p(o)?
5
Let y(c) = c**2 + 3*c - 13. Let k be y(-6). Suppose -5*f + k*z + 55 = 0, f + 4*z - 4 = -3*f. Let m(x) = -x - 6. Calculate m(f).
-12
Let l(i) = -i**3 + 11*i**2 - 12*i + 8. Suppose 0 = 2*q + 4*r - 4, -6*q = -2*q + 3*r - 28. Give l(q).
-12
Let f(t) = 5*t - 3. Suppose -24*j + 51 = 3. What is f(j)?
7
Let w(r) = r - 6. Let o = 44 - 71. Let q = -38 - o. Let g = 16 + q. What is w(g)?
-1
Let r(l) be the second derivative of l**6/120 + l**5/15 + l**4/24 + l**3/6 - 7*l**2/2 + 10*l. Let c(o) be the first derivative of r(o). Calculate c(-4).
-3
Let z(d) = 8*d - 4. Suppose 3*i = -l - 3, -2*i = 4*l - 0*i + 12. Determine z(l).
-28
Suppose -13 = -4*t + 6*t - 23. Let n(w) = -2*w**2 + 17*w + 8. Let m(y) = y**2 - 9*y - 4. Let u(k) = 7*m(k) + 4*n(k). Determine u(t).
4
Let f be ((-1 - 18) + 5)*1/(-2). Let h(c) = 1 - c**2 + 4*c + 0 + f. What is h(6)?
-4
Let z(q) = q**3 - 6*q**2 + 3*q + 7. Suppose 12*p - 110 = -10*p. What is z(p)?
-3
Let w(q) = -17*q + 2 + 30*q - 10*q. Calculate w(-3).
-7
Let k be 1170/(-312)*(-8)/(-6). Let o(c) = 7*c + 33. Determine o(k).
-2
Let b(l) be the first derivative of l**3/6 + l**2/2 + 15*l + 1. Let q(n) be the first derivative of b(n). Suppose 0 = 3*z - 2 - 1. Calculate q(z).
2
Suppose 74 - 56 = -6*d. Let x(f) = 4*f**2. Give x(d).
36
Let g(x) = x - 4. Let f = -28 + 57. Suppose 2*p + f - 1 = 0. Let r = 17 + p. Calculate g(r).
-1
Let o(c) = c + 2 - c**3 + 11*c**2 + 0*c**3 - 11*c. Suppose -22*i + 20*i = q - 20, 0 = 2*q - 4*i. Determine o(q).
2
Let p(i) = i + 10. Let j(g) = -1. Let n(v) = -5*j(v) + p(v). Let w be n(-12). Let u(r) = -2*r + 0*r - w - 2*r**2 - 2*r**3 + 0*r. Give u(-2).
9
Let z(s) = -2*s**2 - 6*s - 6. Let x(j) = 3*j**2 + 7*j + 7. Let l(f) = -2*f**2 + 2*f + 8. Let v be l(-2). Let g(h) = v*x(h) - 5*z(h). Determine g(3).
-10
Suppose 18 + 0 = 9*m. Let y(w) be the first derivative of -1/3*w**3 - 3*w - w**m - 3. Calculate y(-3).
-6
Let h(m) = -5 - m + 0 - 3 - m. Let p be h(-7). Let j(b) = b**2 - 8*b + 7. Let i be j(p). Let y(q) = -3*q - 3. What is y(i)?
12
Let r(i) = -i**3 + 3*i**2 - 4*i + 3. Let k be 7/(-1)*4/(-14). Let g be r(k). Let w(t) = -5*t - 1. What is w(g)?
4
Let k(b) = 15*b**2 + 3*b. Let l(f) = f**3 - 4*f**2 - 6*f + 6. Let i be l(5). Let c(g) = -g**2 - g. Let s(w) = i*k(w) + 4*c(w). What is s(-1)?
12
Let y(h) be the first derivative of -h**2/2 + 7*h + 46. Determine y(6).
1
Let h(m) = -m**2 - 7*m - 8. Let g = -8 + 10. Suppose 4*f = -g - 22. Calculate h(f).
-2
Let h(g) = -5*g**2 - 17*g**2 + 6*g**2 + 2*g**2. Let j be h(-1). Let z = j + 12. Let l(m) = -m**3 - 2*m**2 + 2*m + 1. Give l(z).
-3
Let p(g) = -g**2 + 6*g - 1. Let h be (135/10 - 3)*2. Let b(c) = -c**3 + 13*c**2 - 14*c + 7. Let q be b(12). Let l = h + q. Determine p(l).
7
Let x(h) = -5*h - 2. Suppose -3*z - 4*c - 28 = -7*z, -27 = -5*z + 3*c. What is x(z)?
-17
Suppose -3*p - 2*p + 60 = 0. Let n be -3*(-1 - (-8)/p). Let c(z) = -n + 0*z + 7*z - 10*z. Calculate c(2).
-7
Let w(p) be the first derivative of -8*p**2 - p + 4. Suppose -3*f + 4*d + 6 - 29 = 0, -3*f + 5*d = 28. Calculate w(f).
15
Suppose -2*z + 6 = -z. Let x(i) = -114*i - 22. Let s(k) = -34*k - 7. Let t(w) = 20*s(w) - 6*x(w). What is t(z)?
16
Let d(l) be the third derivative of -1/3*l**3 + 0*l - 4*l**2 + 0 - 1/24*l**4. Calculate d(7).
-9
Let j(w) = -105 - 99 + w - 3*w**2 - w**3 + 313 - 108. Let s be (-26)/8 + (-1)/(-4). Determine j(s).
-2
Let d(c) = 13*c**3 + 17*c**2 - 7*c + 6. Let b(r) = 7*r**3 + 9*r**2 - 4*r + 3. Let h(w) = 11*b(w) - 6*d(w). Give h(-4).
21
Suppose -20 + 88 = 4*l + 2*w, -5*l - 5*w + 90 = 0. Let j be (-3)/2*l/(-6). Let v(d) = d + 1. Let x(i) = -i + 1. Let t(f) = -4*v(f) - 5*x(f). Calculate t(j).
-5
Let o(p) = -17*p**2 - 5*p - 2. Let d(l) = -2*l**2 - l. Let i(b) = -3*d(b) + o(b). Give i(-2).
-42
Let h(c) = -c**2 - 4*c + 5. Let u(z) = 6*z**2 + 19*z - 25. Let f(v) = -11*h(v) - 2*u(v). Let b be f(5). Let g(m) = b*m + 6 + 4 - m - 4. Determine g(0).
6
Let q(o) = o. Suppose -5*p + s = -77 + 4, -3*s = -5*p + 69. Suppose p*g + 28 = 11*g. Give q(g).
-7
Let f(t) = -7096*t**2 + 2 - 5 + t**3 + 7087*t**2 - 7. Determine f(9).
-10
Suppose 0 = z + z + i - 1, -5*z = -i - 13. Let c(p) be the first derivative of p**z + 0*p + 5 + 0*p**2 + p. Give c(2).
5
Let u(a) = -a + 8. Let g(m) = -2*m**3 - 2*m**2 - m - 1. L